= 2*s - 165*s**2 + 164*s**2 - 4*s - z. What is a(3)?
-17
Suppose 0 = 5*a - 8*a. Let c(y) = -11*y + y + y + 8 + a*y + y**2. Determine c(8).
0
Suppose -3*z + 6*z = 6. Suppose 0*w - 8 = z*w. Let d(q) = -q**3 - 3*q**2 + 4*q + 3. Calculate d(w).
3
Let g(q) = 9*q - 70*q + 63*q. Give g(3).
6
Let z(s) = 3*s + 1. Let h(u) = -u**2 - 3*u + 5. Let n(o) = o**3 - 6*o**2 + 5*o - 4. Let w be n(5). Let d be -1 + w/((-12)/(-9)). Let f be h(d). Determine z(f).
4
Let z(n) = n**3 - n**2 - 29. Let g = -300 + 300. Determine z(g).
-29
Let s(w) = w**2 + 10*w - 27. Let y = -39 - -27. Let p be s(y). Let m(r) = r**3 + 3*r**2 - 2*r - 3. Give m(p).
3
Let d(p) be the first derivative of -5/2*p**2 - 47 - 7*p. Calculate d(-6).
23
Let q(l) = 2*l**3 - 2*l**2 - l - 1. Let m be -45*(-5)/(50/(-4)). Let z = -6 - m. Let h = 14 - z. Determine q(h).
5
Let x(q) = -q**2 + 3*q. Let s(z) = -z**2 + z + 1. Let l(d) = 2*s(d) - x(d). Suppose 4*y - 13*a + 8*a - 2 = 0, 3*y - 13 = -2*a. What is l(y)?
-10
Let j(d) = -d + 41. Let f be j(16). Let i(v) = 1 - 5 + 37*v + v**2 - 17*v - f*v. Give i(5).
-4
Let j = 14 + -20. Let q(r) = -4*r - 7. Let t(x) = -2*x. Let l(d) = q(d) - t(d). Give l(j).
5
Let o(p) = -p**2 - 4*p + 2. Suppose 0 = 15*z + 52 + 38. Let j(i) = -2*i**2 - 4*i + 2. Let a(t) = z*o(t) + 5*j(t). Calculate a(2).
-10
Let l(g) = -3*g - 1. Suppose -6*k = -7*k + 2. Suppose -d + 23 = -3*i, k*d + 3*i = d - 1. Let f = d + -9. What is l(f)?
-7
Suppose -16*m + 11*m = -s - 27, -5*m = -4*s - 63. Let k(i) = i**2 + 13*i + 4. Calculate k(s).
-8
Let y(q) be the second derivative of -2*q - 7/60*q**5 - 7/24*q**4 - 3/2*q**2 + 0 - 3/2*q**3 - 1/120*q**6. Let n(s) be the first derivative of y(s). Give n(-6).
-3
Let s = -692 + 688. Let x(a) = a**2 + 5*a + 3. Determine x(s).
-1
Let g(r) = 2*r. Let t be g(-1). Let y(i) = i**2 + i. Suppose 7*f = 1 + 6. Let q(j) = 8*j**3 + 4*j**2 + 4*j + 1. Let b(h) = f*q(h) + t*y(h). Calculate b(-1).
-7
Let g(m) = 3*m**3 - 9*m**2 + 2*m + 2. Let w(n) = -n**3 + 3*n**2 - n - 1. Let z(a) = -3*g(a) - 8*w(a). Let x be (-66)/(-18) - 2/3. Give z(x).
8
Let l(p) = 2*p + 22. Let i be l(-10). Let c(w) = 3*w + 2 - 2*w + 2 - i. Give c(4).
6
Let z(d) be the third derivative of -3/8*d**4 + 0 + 0*d - 1/2*d**3 - 1/60*d**5 - 10*d**2. What is z(-8)?
5
Let i(s) be the second derivative of 1/20*s**5 - 16*s + 0*s**2 + 0 + 1/6*s**3 - 1/4*s**4. What is i(2)?
-2
Let i(v) = v**2 + 4*v + 1. Suppose -3*f - 2*g - 5 = 0, -60*g + 9 = -f - 57*g. Calculate i(f).
-2
Let o be 13/((-78)/60) + 9. Let d(s) = -s - 3. Let r be d(-3). Let y(b) = -b + r*b + b**2 + 0*b + 2*b + 1. Calculate y(o).
1
Let l(v) be the third derivative of v**5/60 - v**4/2 + v**3 - 10*v**2 - 5. What is l(12)?
6
Let q(t) = t**2 + 4*t - 2. Let d(a) = 4*a**2 + 13*a - 6. Let f(z) = -2*d(z) + 7*q(z). What is f(3)?
-5
Let m = 158 - 153. Let q(d) = -d**2 + 6*d + 5. Give q(m).
10
Let j(x) = -3*x + 6. Let f be -3*((-8)/3 + 2). Let l be j(f). Let w(a) = -a**3 + a**2 + a - 6. What is w(l)?
-6
Let p = 50 - 30. Let i be 3/12 - (-155)/p. Let k(c) = -9 + 2*c**2 + 13 - 5 - i*c**3. Give k(1).
-7
Let z(q) = -q**2 - q**3 - 7*q**3 + q + 31*q**3 - 2*q. Let a(m) = m**3 - m**2 - 4*m + 3. Let n be a(2). Determine z(n).
-23
Let k be 0 - -2*39/6. Suppose r + 8 = k. Let n(t) = t**3. Let m(q) = 5*q**3 + 4*q**2 + 3*q + 3. Let p(l) = -m(l) + 6*n(l). Calculate p(r).
7
Let d(q) = -6*q + 21. Let w be 3/45*-5*-21. Calculate d(w).
-21
Let p(z) be the third derivative of -z**5/30 - z**4/24 - z**3/3 - 4*z**2. Let l(w) = 6 + w + 20*w**2 - 17*w**2 - 3. Let i(x) = 5*l(x) + 8*p(x). Give i(-3).
-1
Let a(k) be the second derivative of k**4/6 + 3*k. Let q be (24/(-9) - -4) + 8/(-24). Determine a(q).
2
Let p(y) = 21*y**3 + 21*y**2 + 6*y - 6. Let z(m) = -4*m**3 - 4*m**2 - m + 1. Suppose b - 7 = 5*t, 4*b + 4*t - 2 = b. Let u(h) = b*p(h) + 11*z(h). What is u(-2)?
5
Let u = -15 - -9. Let k(c) be the first derivative of c**4/4 + 5*c**3/3 - 3*c**2 - 6*c - 7. What is k(u)?
-6
Let z(k) = -2*k - 8. Suppose -18 = -12*y + 15*y. Give z(y).
4
Let u(z) = 5*z + 5. Let w be u(-2). Let c(p) = 0*p**2 + 2 - 2*p**2 + 3 + 4*p + 3*p**2. Calculate c(w).
10
Let l(q) = -q + 1. Let f(a) = -a**2 + a - 1. Let y(j) = -6*f(j) - 4*l(j). Let t be y(1). Let r(w) = w - 7. What is r(t)?
-1
Suppose 5*f = -1 + 16. Suppose h = -3*n - 8, -6 - 6 = 4*n. Let y(i) = -h - 16*i**3 + 2 + 9*i**f. Give y(1).
-6
Let z be 1*(-2 + 5)/3. Let a = 4 - z. Let n(t) = -4*t + t + 3*t + a*t**2. What is n(-1)?
3
Let r = -747 - -743. Let p(q) = q**2 + 3*q - 4. Give p(r).
0
Let n(a) = 8*a**2 + a. Suppose -h = -4*q + 216, -q + 0*q - 2*h = -45. Let j be q/4 - (-5)/(-20). Suppose 0 = -j*t + 11*t - 2. Calculate n(t).
7
Let i(j) = j**3 - 16*j**2 + 14*j + 2. Let q = -49 + 64. Determine i(q).
-13
Let u(q) = 3*q - q - 4*q**2 - q + 3*q**2. Let t be u(-2). Let m(b) be the first derivative of -b**3/3 - 3*b**2 - 12. Determine m(t).
0
Let u(n) be the first derivative of -n**3/3 + 4*n**2 - 2*n + 1. Suppose -15 = -11*g + 51. What is u(g)?
10
Let y be (0 - -2)*(45/(-5) + 8). Let s(k) = k - 2. Let l be s(5). Let h(n) = -n - 2*n**l + n - 3*n**2. Calculate h(y).
4
Let f(z) be the first derivative of 3 - 1/3*z**3 + 9*z - 4*z**2. Let m(q) = -2*q**2 - 9*q + 10. Let s(y) = 3*f(y) - 2*m(y). Give s(6).
7
Let t be (0 - (-20)/25)/((-2)/5). Let f(n) = -3*n**2 - 19*n + 3. Let j(k) = k**2 + 9*k - 2. Let u(s) = t*f(s) - 5*j(s). Give u(6).
-2
Suppose x - 35 = 5*u - 16, -x + 3*u + 13 = 0. Let t(m) = 3*m**2 - 2*m - 1. Let b(d) = -d**2 - d - 1. Let v(n) = -2*b(n) - t(n). Give v(x).
3
Let y = 22 + -13. Suppose 5 + y = -2*x. Let d(j) = 12*j**2 - 21*j + 18. Let c(l) = -5*l**2 + 10*l - 8. Let a(f) = -7*c(f) - 3*d(f). Determine a(x).
2
Let u(c) = 114*c - 16. Let g(r) = 53*r - 8. Let w(j) = 13*g(j) - 6*u(j). Calculate w(-9).
-53
Let w(a) = 14*a**3 - 12*a**2 - a - 12. Let z(d) = 11*d**3 - 12*d**2 - d - 12. Let h(s) = 4*w(s) - 5*z(s). Give h(-12).
0
Suppose 0 = 13*k - 14*k - 6. Let q be (-2)/k*-1*(51 + -48). Let n(g) = 3*g**2 - g - 1. Calculate n(q).
3
Let c(r) be the first derivative of r**6/120 + r**5/10 - r**3 - 23*r**2/2 - 7. Let x(l) be the second derivative of c(l). What is x(-6)?
-6
Let w(m) = 129*m**2 + 2*m - 130*m**2 + 7 - 3*m. What is w(0)?
7
Let i(r) = -r**2 + 4*r + 6. Let l be ((-8)/32)/((-2)/16). Suppose -l*u - 48 = -10*u. Give i(u).
-6
Suppose z = -3*z. Suppose 15*a - 48 = 7*a. Suppose z = -5*u + b - 35, 3*u - b = -a - 17. Let c(n) = n + 7. Give c(u).
1
Let h(k) = -k + 24. Let f be h(8). Suppose 8*b - 4*b + f = 0. Let q(z) = 2*z**2 - 2*z + 3*z**2 - 6*z**2. Determine q(b).
-8
Let p = 0 - -2. Let r(t) = -1 + t - t + t**p. Suppose -3*z - 9 = -5*z + 11*z. Give r(z).
0
Let r(l) = 37*l - 182. Let s be r(5). Let g(c) be the first derivative of 0*c - 1/4*c**4 + 1/3*c**s + 2 - 1/2*c**2. Determine g(-2).
14
Let g = 19 - 19. Let y(k) = -k**3 - k**2. Let z be y(g). Let m(u) = u**2 - u + 1. Give m(z).
1
Let f(m) = -10*m**2 - 4*m - 3. Suppose 12*d + 64 = -20*d. Calculate f(d).
-35
Let g(c) = 6*c**2 + 14*c**3 - 6*c**3 - 7 + 0*c**3 - 9*c**3 - 4*c. Let m = 28 - 13. Let n = -10 + m. Determine g(n).
-2
Let x(d) = 2*d**3 - d + 1. Let y(f) = 11*f**3 + 4*f**2 - 6*f + 5. Let z(r) = 5*x(r) - y(r). Give z(-4).
-4
Let c(o) be the first derivative of -o**2 + 1/6*o**3 + 4 - 6*o. Let n(v) be the first derivative of c(v). Give n(0).
-2
Let f(x) = -6*x**3 + 5*x**2 - 4*x - 4. Let q(z) = z**3 - 2*z**2 + 3*z + 1. Let g(r) = -f(r) - 2*q(r). Calculate g(2).
26
Let w(y) be the third derivative of 0 + 0*y + 1/60*y**5 + 1/12*y**4 + 1/3*y**3 - 2*y**2. Calculate w(-5).
17
Suppose -31*f + 35*f = 4*b - 16, -13 = -3*f - 2*b. Let p(d) = -28*d**3 - 1. Determine p(f).
-29
Let y(l) = 5*l + 3. Suppose x = -11*d + 12*d - 7, -31 = 3*x - 5*d. Determine y(x).
-7
Let d(n) = n**3 + 10*n**2 + 7*n - 1. Let m be d(-9). Let f = 13 - m. Let c(w) = w**2 + 3*w + 1. What is c(f)?
5
Let v be 2*3*4/(-12). Let l(z) be the third derivative of z**6/40 + z**5/15 + z**4/8 - 6*z**2. Determine l(v).
-14
Suppose -a + 22 = 14. Let v = a + -5. Suppose -2 = -4*z + 5*g, -3*z + 0*z = v*g + 12. Let f(n) = -n**3 + n**2 - 3*n - 3. Give f(z).
15
Let w = -64 - -62. Let y(p) = -p**2 - p - 1. Give y(w).
-3
Let g(c) = -5*c**3 + c + 1. Let n(b) = -7*b**3 + 19*b**2 - 8*b + 23. Let m(v) = v**3 - v**2 - v. Let d(p) = 6*m(p) + n(p). Let z be d(12). What is g(z)?
5
Le